of 5267?
False
Is 931 a factor of 759664448?
False
Does 2 divide 3337883?
False
Is 11 a factor of 1416904698?
True
Is 63 a factor of 194439546?
True
Is 159314593 even?
False
Is 3 a factor of 917575142?
False
Does 95 divide 1000344172?
False
Is 17 a factor of 325725100?
True
Is 5310 a factor of 2464859520?
True
Is 82 a factor of 13481102?
False
Does 805 divide 1563826005?
True
Is 120 a factor of 4879920?
True
Is 100 a factor of 38787977?
False
Is 218 a factor of 58133580?
False
Is 182 a factor of 26808385?
False
Is 9 a factor of 51968466?
True
Is 14 a factor of 23783802?
True
Is 333 a factor of 120410136?
True
Is 17135638 a multiple of 484?
False
Is 1495489171 a multiple of 11?
True
Does 10102 divide 3743003142?
True
Is 163125040 a multiple of 10?
True
Is 64820733 a multiple of 49?
False
Is 17452688 a multiple of 44?
True
Is 1250 a factor of 1358618859?
False
Is 572918702 a multiple of 1231?
False
Is 760 a factor of 13816040?
True
Does 366 divide 22688572?
False
Is 83999194 a multiple of 569?
True
Is 645 a factor of 96529633?
False
Is 438 a factor of 352836594?
True
Is 53695678 a multiple of 106?
True
Is 28 a factor of 212905168?
True
Does 51 divide 9000273?
False
Is 133648800 a multiple of 40?
True
Is 3666460 a multiple of 14?
True
Is 112478653 a multiple of 25?
False
Is 13 a factor of 234162470?
False
Is 2810705961 a multiple of 21?
True
Is 49003649 a multiple of 82?
False
Does 492 divide 21883176?
True
Does 10 divide 15898610?
True
Is 658 a factor of 843495265?
False
Does 17 divide 28455331?
True
Is 116490280 a multiple of 92?
False
Does 155 divide 36013010?
True
Is 604740541 a multiple of 391?
True
Is 260 a factor of 895684345?
False
Is 352317225 a multiple of 195?
True
Is 3745 a factor of 407815542?
False
Is 27 a factor of 490580253?
True
Is 1387 a factor of 310409522?
False
Does 2155 divide 615004195?
False
Is 1107 a factor of 53098362?
True
Does 1760 divide 274433726?
False
Is 742 a factor of 37798025?
False
Is 31 a factor of 517372421?
False
Is 22 a factor of 72057590?
True
Does 39 divide 3626438166?
True
Is 18051262 a multiple of 1682?
False
Does 62 divide 19994503?
False
Is 6355725171 a multiple of 23?
True
Is 187272 a multiple of 34?
True
Does 92 divide 52627220?
True
Does 513 divide 51551538?
False
Is 577 a factor of 1394153170?
True
Does 2638 divide 971865175?
False
Does 4 divide 725415582?
False
Is 311 a factor of 11779747?
True
Is 11 a factor of 142710216?
True
Does 29 divide 96821372?
True
Is 165 a factor of 21225200?
False
Is 862436 even?
True
Is 30 a factor of 552780?
True
Is 10 a factor of 422731983?
False
Does 4 divide 7575460?
True
Is 23532174 a multiple of 27?
True
Does 250 divide 120068032?
False
Is 292 a factor of 57369824?
True
Is 183 a factor of 32730131?
False
Does 155 divide 1098175?
True
Is 107662199 a multiple of 71?
True
Is 128 a factor of 2105041280?
True
Is 308325239 a multiple of 526?
False
Is 26 a factor of 608643620?
True
Is 1070 a factor of 268114686?
False
Does 44 divide 40984415?
False
Is 4893078 a multiple of 139?
True
Does 4305 divide 646697100?
True
Is 2227 a factor of 1107739984?
False
Is 21388482 a multiple of 3?
True
Is 43403545 a multiple of 424?
False
Does 30 divide 1176629040?
True
Is 195 a factor of 304810740?
True
Is 2792854610 a multiple of 3710?
True
Is 137 a factor of 38324711?
False
Does 1383 divide 187706292?
True
Is 247162140 a multiple of 5520?
False
Is 1009 a factor of 43692800?
False
Is 695 a factor of 161643230?
False
Is 10 a factor of 314006784?
False
Is 13 a factor of 73534831?
False
Does 476 divide 705210917?
False
Does 403 divide 19688968?
True
Is 78719452 a multiple of 17?
True
Is 7 a factor of 39686999?
False
Is 33 a factor of 162980770?
False
Does 39 divide 1015618611?
False
Is 372 a factor of 6293035?
False
Is 357367020 a multiple of 678?
True
Is 158 a factor of 28231756?
True
Does 12 divide 36350231?
False
Is 12 a factor of 287443452?
True
Is 382938138 a multiple of 726?
True
Does 68 divide 390394732?
True
Is 28793925 a multiple of 45?
True
Is 1360371463 a multiple of 2404?
False
Is 34661615 a multiple of 36?
False
Does 1498 divide 5128283160?
True
Is 51 a factor of 15664262?
False
Is 586130389 a multiple of 189?
False
Is 263453440 a multiple of 64?
True
Does 131 divide 1398058601?
False
Does 519 divide 30549790?
False
Is 21 a factor of 66099033?
True
Does 191 divide 368361836?
True
Does 16 divide 245772416?
True
Is 5420404 even?
True
Is 139538457 a multiple of 27?
True
Does 19 divide 6383867?
True
Is 36673914 a multiple of 2698?
True
Does 13 divide 392897973?
True
Is 3233312 a multiple of 384?
False
Is 61 a factor of 167778932?
False
Is 98023524 a multiple of 6?
True
Is 624 a factor of 52383936?
False
Is 352615492 a multiple of 879?
False
Is 453262412 a multiple of 118?
False
Is 1576431 a multiple of 321?
True
Is 84724182 a multiple of 15?
False
Does 14 divide 30181878?
False
Does 1139 divide 8402786?
False
Is 5087 a factor of 1618296788?
True
Is 14 a factor of 4816168?
True
Is 1348 a factor of 23429588?
True
Is 40973760 a multiple of 347?
True
Is 263838641 a multiple of 464?
False
Is 921619306 a multiple of 712?
False
Is 8397812 a multiple of 24?
False
Is 129 a factor of 7116620787?
True
Does 21 divide 44240217?
True
Is 502992562 a multiple of 677?
False
Is 4 a factor of 4080644?
True
Is 17 a factor of 2398853?
True
Is 101892361 a multiple of 4075?
False
Is 76035911 a multiple of 841?
False
Does 12 divide 11560503?
False
Is 88575390 a multiple of 27?
True
Is 38 a factor of 192728324?
True
Is 58945590 a multiple of 55?
True
Does 3422 divide 684242588?
True
Is 3475226 a multiple of 30?
False
Is 1238 a factor of 41568515?
False
Does 7 divide 90027378?
True
Does 806 divide 20692438?
True
Is 2369210 a multiple of 8?
False
Does 8 divide 3655520693?
False
Is 24324207 a multiple of 523?
True
Is 96495639 a multiple of 49?
False
Is 16 a factor of 50694878?
False
Is 161 a factor of 109375350?
True
Does 157 divide 1120269?
False
Does 2 divide 1920505?
False
Does 112 divide 111462288?
True
Does 170 divide 162746440?
True
Is 652 a factor of 35795452?
True
Does 657 divide 197971839?
True
Is 525142145 a multiple of 1969?
True
Is 1659246743 a multiple of 3517?
True
Is 22623189 a multiple of 311?
False
Is 2 a factor of 23647592?
True
Is 573460508 a multiple of 76?
True
Is 86952129 a multiple of 223?
False
Does 42 divide 248194145?
False
Is 20 a factor of 22303118?
False
Does 53 divide 108033239?
True
Is 74 a factor of 57687884?
True
Is 32 a factor of 342356417?
False
Is 8 a factor of 223194801?
False
Does 2716 divide 117055272?
False
Is 5 a factor of 30948344?
False
Does 2347 divide 908005013?
True
Is 36 a factor of 74933100?
True
Is 3318 a factor of 3573741119?
False
Is 1234 a factor of 2226660450?
True
Is 6479 a factor of 1337537718?
True
Does 387 divide 792481185?
True
Is 885 a factor of 452966010?
True
Is 46276608 a multiple of 16?
True
Does 17 divide 922966023?
True
Is 1690824238 a multiple of 696?
False
Is 28 a factor of 17935344?
True
Is 39213252 a multiple of 23?
True
Is 2016 a factor of 56397600?
True
Is 196 a factor of 303361017?
False
Is 52 a factor of 28839876?
True
Is 168169266 a multiple of 114?
True
Is 21988764 a multiple of 69?
False
Does 2856 divide 7762476624?
True
Does 3562 divide 47909634?
False
Is 417176300 a multiple of 5?
True
Is 648679640 a multiple of 56?
True
Does 49 divide 7516012?
True
Is 4194816 a multiple of 8?
True
Is 631 a factor of 60125656?
False
Does 101 divide 405602567?
True
Is 4577430 a multiple of 286?
True
Is 6348291 a multiple of 23?
False
Is 1490376303 a multiple of 13?
True
Does 3030 divide 451121550?
True
Does 591 divide 98479531?
False
Is 347440761 a multiple of 991?
False
Is 204 a factor of 211904796?
True
Is 24 a factor of 10465427?
False
Is 8106252 a multiple of 33?
True
Is 7 a factor of 26785579?
False
Does 49 divide 181956279?
False
Does 664 divide 101214281?
False
Is 17 a factor of 7583815?
False
Does 7791 divide 2112233592?
True
Is 18268614 a multiple of 2143?
False
Does 29 divide 509890692?
False
Is 37 a factor of 48753733?
False
Is 144 a factor of 1221183989?
False
Is 334 a factor of 395997448?
False
Does 1246 divide 923666030?
True
Does 73 divide 5559983?
False
Does 1877 divide 5685925?
False
Is 319 a factor of 422596526?
True
Is 161